{"help":"Return the metadata of a dataset (package) and its resources. :param id: the id or name of the dataset :type id: string","success":true,"result":[{"id":"11b7a1cf-7ae2-4066-8b33-76955623ef21","name":"ordens-de-servico-diretoria-de-logistica-dirloufu","title":"Ordens de Servi\u00e7o - Diretoria de Log\u00edstica (DIRLO\/UFU)","maintainer":"Dados Abertos - Universidade Federal de Uberl\u00e2ndia","maintainer_email":"webmaster@cti.ufu.br","license_title":"http:\/\/opendefinition.org\/licenses\/odc-odbl\/","notes":"\u003Cp\u003ELevantamento de todas as ordens de servi\u00e7o abertas e direcionadas para as divis\u00f5es da DIRLO.\u003C\/p\u003E\n","url":"https:\/\/dados.ufu.br\/conjunto-de-dados\/ordens-de-servico-diretoria-de-logistica-dirloufu","state":"Active","log_message":"Edited by claudia.freitas@ufu.br.","private":true,"revision_timestamp":"qui, 07\/17\/2025 - 16:12","metadata_created":"seg, 01\/16\/2023 - 14:11","metadata_modified":"qui, 07\/17\/2025 - 16:12","creator_user_id":"cfb1a0e1-829c-447d-aab4-67fed4754b56","type":"Dataset","resources":[{"id":"0b79fe53-329d-4a3a-bd6e-45a373fc98de","revision_id":"","url":"https:\/\/dados.ufu.br\/sites\/default\/files\/ordens_de_servico_-_dirlo_2021_0.csv","description":"","format":"csv","state":"Active","revision_timestamp":"qui, 02\/23\/2023 - 14:40","name":"Ordens de servi\u00e7o - DIRLO 2021","mimetype":"text\/csv","size":"354 bytes","created":"qui, 02\/23\/2023 - 14:24","resource_group_id":"8892da87-8bb2-401d-9255-c95ccc5cfa93","last_modified":"Date changed  qui, 02\/23\/2023 - 14:40"},{"id":"786ab901-6ef2-4a4f-854f-a594cfe38d9c","revision_id":"","url":"https:\/\/dados.ufu.br\/sites\/default\/files\/ordens_de_servico_-_dirlo_2022.csv","description":"","format":"csv","state":"Active","revision_timestamp":"qui, 02\/23\/2023 - 14:40","name":"Ordens de servi\u00e7o - DIRLO 2022","mimetype":"text\/csv","size":"371 bytes","created":"qui, 02\/23\/2023 - 14:39","resource_group_id":"8892da87-8bb2-401d-9255-c95ccc5cfa93","last_modified":"Date changed  qui, 02\/23\/2023 - 14:40"},{"id":"1c341aaf-e5c3-4652-9342-a6fdad6e0449","revision_id":"","url":"https:\/\/dados.ufu.br\/sites\/default\/files\/ordens_de_servico_-_dirlo_2023.csv","description":"","format":"csv","state":"Active","revision_timestamp":"qua, 01\/24\/2024 - 14:09","name":"Ordens de servi\u00e7o - DIRLO 2023","mimetype":"text\/csv","size":"440 bytes","created":"qua, 01\/24\/2024 - 14:09","resource_group_id":"8892da87-8bb2-401d-9255-c95ccc5cfa93","last_modified":"Date changed  qua, 01\/24\/2024 - 14:09"},{"id":"24bbe62b-4d09-4361-a153-bfd6d56751f0","revision_id":"","url":"https:\/\/dados.ufu.br\/sites\/default\/files\/relacao_de_os_2024.csv","description":"","format":"csv","state":"Active","revision_timestamp":"qua, 05\/21\/2025 - 12:07","name":"Ordens de servi\u00e7o - DIRLO 2024","mimetype":"text\/csv","size":"502 bytes","created":"qua, 05\/21\/2025 - 12:07","resource_group_id":"8892da87-8bb2-401d-9255-c95ccc5cfa93","last_modified":"Date changed  qua, 05\/21\/2025 - 12:07"}],"groups":[{"description":"\u003Cp\u003EA Universidade Federal de Uberl\u00e2ndia \u2013 UFU \u00e9 uma Funda\u00e7\u00e3o P\u00fablica, integrante da Administra\u00e7\u00e3o Federal Indireta, vinculada ao Minist\u00e9rio da Educa\u00e7\u00e3o, sendo autorizada a funcionar pelo Decreto-lei n\u00ba 762, de 14 de agosto de 1969 e federalizada pela Lei n\u00ba 6.532, de 24 de maio de 1978. Sua organiza\u00e7\u00e3o e funcionamento s\u00e3o regidos pela Legisla\u00e7\u00e3o Federal, por seu Estatuto, Regimento Geral e por normas complementares.\u003C\/p\u003E\n","id":"8892da87-8bb2-401d-9255-c95ccc5cfa93","image_display_url":"https:\/\/dados.ufu.br\/sites\/default\/files\/logo_ufu.png","title":"UFU","name":"organizacao\/ufu"}]}]}

Ordens de Serviço - Diretoria de Logística (DIRLO/UFU)

Dados Abertos - Universidade Federal de Uberlândia

<p>Levantamento de todas as ordens de serviço abertas e direcionadas para as divisões da DIRLO.</p>

Ordens de serviço - DIRLO 2021

Ordens de serviço - DIRLO 2022

Ordens de serviço - DIRLO 2023

Ordens de serviço - DIRLO 2024

<p>A Universidade Federal de Uberlândia – UFU é uma Fundação Pública, integrante da Administração Federal Indireta, vinculada ao Ministério da Educação, sendo autorizada a funcionar pelo Decreto-lei nº 762, de 14 de agosto de 1969 e federalizada pela Lei nº 6.532, de 24 de maio de 1978. Sua organização e funcionamento são regidos pela Legislação Federal, por seu Estatuto, Regimento Geral e por normas complementares.</p>
