{"help":"Return the metadata of a dataset (package) and its resources. :param id: the id or name of the dataset :type id: string","success":true,"result":[{"id":"189af63a-c082-4e36-8c93-704df636be7d","name":"bolsa-cultura-proexc-ufu","title":"Bolsa-cultura PROEXC - UFU","maintainer":"Dados Abertos - Universidade Federal de Uberl\u00e2ndia","maintainer_email":"webmaster@cti.ufu.br","license_title":"http:\/\/opendefinition.org\/licenses\/odc-odbl\/","notes":"\u003Cp\u003EQuantitativo de bolsas-cultura disponibilizadas pela PROEXC.\u003C\/p\u003E\n","url":"https:\/\/dados.ufu.br\/conjunto-de-dados\/bolsa-cultura-proexc-ufu","state":"Active","log_message":"Update to resource \u0027Bolsa-Cultura PROEXC - UFU 2\u00b0 Semestre\/2025\u0027","private":true,"revision_timestamp":"ter, 04\/07\/2026 - 15:32","metadata_created":"ter, 05\/06\/2025 - 16:35","metadata_modified":"ter, 04\/07\/2026 - 15:32","creator_user_id":"cfb1a0e1-829c-447d-aab4-67fed4754b56","type":"Dataset","resources":[{"id":"2037e876-9dff-4a92-b0be-da246ceb9666","revision_id":"","url":"https:\/\/dados.ufu.br\/sites\/default\/files\/bolsas_cultura_proexc_2024_2.csv","description":"\u003Cp\u003EQuantitativo de bolsas-cultura disponibilizadas pela PROEXC referente 2\u00b0 Sem.\/2024.\u003C\/p\u003E\n","format":"csv","state":"Active","revision_timestamp":"seg, 12\/01\/2025 - 14:16","name":"Bolsa-Cultura PROEXC - UFU 2\u00b0 Semestre\/2024","mimetype":"text\/csv","size":"221 bytes","created":"qui, 05\/29\/2025 - 09:19","resource_group_id":"8892da87-8bb2-401d-9255-c95ccc5cfa93","last_modified":"Date changed  seg, 12\/01\/2025 - 14:16"},{"id":"58d1e241-0fc3-49b4-ad4b-b31f2b5e9aaf","revision_id":"","url":"https:\/\/dados.ufu.br\/sites\/default\/files\/bolsas_cultura_proexc_2025_1.csv","description":"\u003Cp\u003EQuantitativo de bolsas-cultura disponibilizadas pela PROEXC referente 1\u00b0 Semestre\/2025.\u003C\/p\u003E\n","format":"csv","state":"Active","revision_timestamp":"seg, 12\/01\/2025 - 14:21","name":" Bolsa-Cultura PROEXC - UFU 1\u00b0 Semestre\/2025","mimetype":"text\/csv","size":"234 bytes","created":"seg, 12\/01\/2025 - 14:19","resource_group_id":"8892da87-8bb2-401d-9255-c95ccc5cfa93","last_modified":"Date changed  seg, 12\/01\/2025 - 14:21"},{"id":"2de3f8bb-607a-4604-90c6-d07fbb520967","revision_id":"","url":"https:\/\/dados.ufu.br\/sites\/default\/files\/bolsas_cultura_proexc_2025_2.xlsx.csv","description":"\u003Cp\u003EQuantitativo de bolsas-cultura disponibilizadas pela PROEXC referente 2\u00b0 Semestre\/2025.\u003C\/p\u003E\n","format":"csv","state":"Active","revision_timestamp":"ter, 04\/07\/2026 - 14:54","name":"Bolsa-Cultura PROEXC - UFU 2\u00b0 Semestre\/2025","mimetype":"text\/csv","size":"229 bytes","created":"ter, 04\/07\/2026 - 14:54","resource_group_id":"8892da87-8bb2-401d-9255-c95ccc5cfa93","last_modified":"Date changed  ter, 04\/07\/2026 - 14:54"}],"groups":[{"description":"\u003Cp\u003EA Universidade Federal de Uberl\u00e2ndia \u2013 UFU \u00e9 uma Funda\u00e7\u00e3o P\u00fablica, integrante da Administra\u00e7\u00e3o Federal Indireta, vinculada ao Minist\u00e9rio da Educa\u00e7\u00e3o, sendo autorizada a funcionar pelo Decreto-lei n\u00ba 762, de 14 de agosto de 1969 e federalizada pela Lei n\u00ba 6.532, de 24 de maio de 1978. Sua organiza\u00e7\u00e3o e funcionamento s\u00e3o regidos pela Legisla\u00e7\u00e3o Federal, por seu Estatuto, Regimento Geral e por normas complementares.\u003C\/p\u003E\n","id":"8892da87-8bb2-401d-9255-c95ccc5cfa93","image_display_url":"https:\/\/dados.ufu.br\/sites\/default\/files\/logo_ufu.png","title":"UFU","name":"organizacao\/ufu"}]}]}

Dados Abertos - Universidade Federal de Uberlândia

<p>A Universidade Federal de Uberlândia – UFU é uma Fundação Pública, integrante da Administração Federal Indireta, vinculada ao Ministério da Educação, sendo autorizada a funcionar pelo Decreto-lei nº 762, de 14 de agosto de 1969 e federalizada pela Lei nº 6.532, de 24 de maio de 1978. Sua organização e funcionamento são regidos pela Legislação Federal, por seu Estatuto, Regimento Geral e por normas complementares.</p>
