{"help":"Return the metadata of a dataset (package) and its resources. :param id: the id or name of the dataset :type id: string","success":true,"result":[{"id":"4a22a63c-7610-47c1-b3e0-3c5da8d00539","name":"relacao-dos-estudantes-cotistas-da-ufu","title":"Rela\u00e7\u00e3o dos estudantes cotistas da UFU","maintainer":"Dados Abertos - Universidade Federal de Uberl\u00e2ndia","maintainer_email":"webmaster@cti.ufu.br","license_title":"http:\/\/opendefinition.org\/licenses\/odc-odbl\/","notes":"\u003Cp\u003EEstudantes cotistas por curso na UFU (Nome, cota e curso).\u003C\/p\u003E\n","url":"https:\/\/dados.ufu.br\/conjunto-de-dados\/relacao-dos-estudantes-cotistas-da-ufu","state":"Active","log_message":"Update to resource \u0027Rela\u00e7\u00e3o dos estudantes cotistas vinculados na UFU - 2\u00b0 Semestre\/2025\u0027","private":true,"revision_timestamp":"sex, 04\/24\/2026 - 16:36","metadata_created":"ter, 05\/06\/2025 - 16:56","metadata_modified":"sex, 04\/24\/2026 - 16:36","creator_user_id":"cfb1a0e1-829c-447d-aab4-67fed4754b56","type":"Dataset","resources":[{"id":"da28bd7b-6f5d-4d99-8aea-b833cd06ba05","revision_id":"","url":"https:\/\/dados.ufu.br\/sites\/default\/files\/relacao_dos_estudantes_cotistas_vinculados_da_ufu_2024_-_1.csv","description":"\u003Cp\u003ESalientamos que os dados foram extra\u00eddos do Sistema de Gest\u00e3o em 14\/05\/2025. Esclarecemos que consideramos alunos vinculados \u00e0 UFU aqueles com v\u00ednculo em 2024, alunos evadidos em 2024 e alunos formados em 2024. Alunos matriculados s\u00e3o aqueles que t\u00eam matr\u00edcula em componentes curriculares no per\u00edodo estabelecido. Esclarecemos, ainda, que os dados est\u00e3o sujeitos a altera\u00e7\u00f5es, haja vista que os processamentos acad\u00eamicos s\u00e3o efetuados cotidianamente.\u003C\/p\u003E\n","format":"csv","state":"Active","revision_timestamp":"sex, 05\/16\/2025 - 10:58","name":"Rela\u00e7\u00e3o dos estudantes cotistas vinculados na UFU - 1\u00b0 Semestre\/2024","mimetype":"text\/csv","size":"722.1 KB","created":"sex, 05\/16\/2025 - 10:55","resource_group_id":"8892da87-8bb2-401d-9255-c95ccc5cfa93","last_modified":"Date changed  sex, 05\/16\/2025 - 10:58"},{"id":"aa474138-5a18-489b-a914-1413a8b7f27f","revision_id":"","url":"https:\/\/dados.ufu.br\/sites\/default\/files\/nome_dos_cotistas_vinculados_na_ufu_2024_-_2.csv","description":"\u003Cp\u003ESalientamos que os dados foram extra\u00eddos do Sistema de Gest\u00e3o em 14\/05\/2025. Esclarecemos que consideramos alunos vinculados \u00e0 UFU aqueles com v\u00ednculo em 2024, alunos evadidos em 2024 e alunos formados em 2024. Alunos matriculados s\u00e3o aqueles que t\u00eam matr\u00edcula em componentes curriculares no per\u00edodo estabelecido. Esclarecemos, ainda, que os dados est\u00e3o sujeitos a altera\u00e7\u00f5es, haja vista que os processamentos acad\u00eamicos s\u00e3o efetuados cotidianamente.\u003C\/p\u003E\n","format":"csv","state":"Active","revision_timestamp":"sex, 05\/16\/2025 - 11:00","name":"Rela\u00e7\u00e3o dos estudantes cotistas vinculados na UFU - 2\u00b0 Semestre\/2024","mimetype":"text\/csv","size":"645.14 KB","created":"sex, 05\/16\/2025 - 10:59","resource_group_id":"8892da87-8bb2-401d-9255-c95ccc5cfa93","last_modified":"Date changed  sex, 05\/16\/2025 - 11:00"},{"id":"4fb51b78-18a8-4844-9126-2108fe213c93","revision_id":"","url":"https:\/\/dados.ufu.br\/sites\/default\/files\/relacao_dos_estudantes_cotistas_2025-1.csv","description":"\u003Cp\u003ESalientamos que os dados foram extra\u00eddos do Sistema de Gest\u00e3o em 01\/09\/2025 e 03\/09\/2025. Esclarecemos que consideramos alunos vinculados \u00e0 UFU aqueles com v\u00ednculo em 2025\/1, alunos evadidos em 2025\/1 e alunos formados em 2025\/1.\u00a0Alunos matriculados s\u00e3o aqueles que t\u00eam matr\u00edcula em componentes curriculares no per\u00edodo estabelecido. Esclarecemos, ainda, que os dados est\u00e3o sujeitos a altera\u00e7\u00f5es, haja vista que os processamentos acad\u00eamicos s\u00e3o efetuados cotidianamente.\u003C\/p\u003E\n","format":"csv","state":"Active","revision_timestamp":"sex, 09\/19\/2025 - 14:49","name":"Rela\u00e7\u00e3o dos estudantes cotistas vinculados na UFU - 1\u00b0 Semestre\/2025","mimetype":"text\/csv","size":"1.54 MB","created":"sex, 09\/19\/2025 - 14:39","resource_group_id":"8892da87-8bb2-401d-9255-c95ccc5cfa93","last_modified":"Date changed  sex, 09\/19\/2025 - 14:49"},{"id":"e5ad0b9b-725e-4007-a05b-385c3ffb727a","revision_id":"","url":"https:\/\/dados.ufu.br\/sites\/default\/files\/relacao_dos_cotistas_da_ufu_2_sem._2025.csv","description":"\u003Cp\u003EA Diretora de Administra\u00e7\u00e3o e Controle Acad\u00eamico (DIRAC\/PROGRAD) salienta que os dados foram extra\u00eddos do Sistema de Gest\u00e3o em 06\/02\/2026. Esclarecemos que consideramos alunos vinculados \u00e0 UFU aqueles com v\u00ednculo em 2025\/2, alunos evadidos em 2025\/2 e alunos formados em 2025\/2. Alunos matriculados s\u00e3o aqueles que t\u00eam matr\u00edcula em componentes curriculares no per\u00edodo estabelecido. Esclarecemos, ainda, que os dados est\u00e3o sujeitos a altera\u00e7\u00f5es, haja vista que os processamentos acad\u00eamicos s\u00e3o efetuados cotidianamente.\u003C\/p\u003E\n","format":"csv","state":"Active","revision_timestamp":"sex, 04\/24\/2026 - 16:04","name":"Rela\u00e7\u00e3o dos estudantes cotistas vinculados na UFU - 2\u00b0 Semestre\/2025","mimetype":"text\/csv","size":"2.64 MB","created":"sex, 04\/24\/2026 - 16:04","resource_group_id":"8892da87-8bb2-401d-9255-c95ccc5cfa93","last_modified":"Date changed  sex, 04\/24\/2026 - 16:04"}],"groups":[{"description":"\u003Cp\u003EA Universidade Federal de Uberl\u00e2ndia \u2013 UFU \u00e9 uma Funda\u00e7\u00e3o P\u00fablica, integrante da Administra\u00e7\u00e3o Federal Indireta, vinculada ao Minist\u00e9rio da Educa\u00e7\u00e3o, sendo autorizada a funcionar pelo Decreto-lei n\u00ba 762, de 14 de agosto de 1969 e federalizada pela Lei n\u00ba 6.532, de 24 de maio de 1978. Sua organiza\u00e7\u00e3o e funcionamento s\u00e3o regidos pela Legisla\u00e7\u00e3o Federal, por seu Estatuto, Regimento Geral e por normas complementares.\u003C\/p\u003E\n","id":"8892da87-8bb2-401d-9255-c95ccc5cfa93","image_display_url":"https:\/\/dados.ufu.br\/sites\/default\/files\/logo_ufu.png","title":"UFU","name":"organizacao\/ufu"}]}]}

Relação dos estudantes cotistas da UFU

Dados Abertos - Universidade Federal de Uberlândia

Update to resource 'Relação dos estudantes cotistas vinculados na UFU - 2° Semestre/2025'

<p>Salientamos que os dados foram extraídos do Sistema de Gestão em 14/05/2025. Esclarecemos que consideramos alunos vinculados à UFU aqueles com vínculo em 2024, alunos evadidos em 2024 e alunos formados em 2024. Alunos matriculados são aqueles que têm matrícula em componentes curriculares no período estabelecido. Esclarecemos, ainda, que os dados estão sujeitos a alterações, haja vista que os processamentos acadêmicos são efetuados cotidianamente.</p>

Relação dos estudantes cotistas vinculados na UFU - 1° Semestre/2024

Relação dos estudantes cotistas vinculados na UFU - 2° Semestre/2024

<p>Salientamos que os dados foram extraídos do Sistema de Gestão em 01/09/2025 e 03/09/2025. Esclarecemos que consideramos alunos vinculados à UFU aqueles com vínculo em 2025/1, alunos evadidos em 2025/1 e alunos formados em 2025/1. Alunos matriculados são aqueles que têm matrícula em componentes curriculares no período estabelecido. Esclarecemos, ainda, que os dados estão sujeitos a alterações, haja vista que os processamentos acadêmicos são efetuados cotidianamente.</p>

Relação dos estudantes cotistas vinculados na UFU - 1° Semestre/2025

<p>A Diretora de Administração e Controle Acadêmico (DIRAC/PROGRAD) salienta que os dados foram extraídos do Sistema de Gestão em 06/02/2026. Esclarecemos que consideramos alunos vinculados à UFU aqueles com vínculo em 2025/2, alunos evadidos em 2025/2 e alunos formados em 2025/2. Alunos matriculados são aqueles que têm matrícula em componentes curriculares no período estabelecido. Esclarecemos, ainda, que os dados estão sujeitos a alterações, haja vista que os processamentos acadêmicos são efetuados cotidianamente.</p>

Relação dos estudantes cotistas vinculados na UFU - 2° Semestre/2025

<p>A Universidade Federal de Uberlândia – UFU é uma Fundação Pública, integrante da Administração Federal Indireta, vinculada ao Ministério da Educação, sendo autorizada a funcionar pelo Decreto-lei nº 762, de 14 de agosto de 1969 e federalizada pela Lei nº 6.532, de 24 de maio de 1978. Sua organização e funcionamento são regidos pela Legislação Federal, por seu Estatuto, Regimento Geral e por normas complementares.</p>
