{"help":"Return the metadata of a dataset (package) and its resources. :param id: the id or name of the dataset :type id: string","success":true,"result":[{"id":"5498b853-ca1d-41fc-983b-269d848e3b37","name":"professores-substitutos-da-ufu","title":"Professores Substitutos da UFU","maintainer":"Dados Abertos - Universidade Federal de Uberl\u00e2ndia","maintainer_email":"webmaster@cti.ufu.br","license_title":"http:\/\/opendefinition.org\/licenses\/odc-odbl\/","notes":"\u003Cp\u003EBase de dados que cont\u00e9m a identifica\u00e7\u00e3o, titula\u00e7\u00e3o, regime de trabalho e lota\u00e7\u00e3o dos professores substitutos em exerc\u00edcio na Universidade Federal de Uberl\u00e2ndia.\u003C\/p\u003E\n","url":"https:\/\/dados.ufu.br\/conjunto-de-dados\/professores-substitutos-da-ufu","state":"Active","log_message":"Update to resource \u0027Professores Substitutos da UFU 2025\u0027","private":true,"revision_timestamp":"ter, 04\/14\/2026 - 17:51","metadata_created":"seg, 02\/27\/2023 - 14:33","metadata_modified":"ter, 04\/14\/2026 - 17:51","creator_user_id":"cfb1a0e1-829c-447d-aab4-67fed4754b56","type":"Dataset","resources":[{"id":"0d46d58f-ea94-4ac0-b90b-b83323675dba","revision_id":"","url":"https:\/\/dados.ufu.br\/sites\/default\/files\/professores_substitutivos_2022_-_csv.csv","description":"","format":"csv","state":"Active","revision_timestamp":"qui, 03\/02\/2023 - 15:47","name":"Professores Substitutos da UFU 2022","mimetype":"text\/csv","size":"11.04 KB","created":"qui, 03\/02\/2023 - 15:47","resource_group_id":"8892da87-8bb2-401d-9255-c95ccc5cfa93","last_modified":"Date changed  qui, 03\/02\/2023 - 15:47"},{"id":"7f143284-2649-4f42-a2cd-3c1a9c6590bd","revision_id":"","url":"https:\/\/dados.ufu.br\/sites\/default\/files\/professores_substitutos_da_ufu_2023.csv","description":"","format":"csv","state":"Active","revision_timestamp":"qua, 01\/24\/2024 - 15:53","name":"Professores Substitutos da UFU 2023","mimetype":"text\/csv","size":"13.62 KB","created":"qua, 01\/24\/2024 - 15:53","resource_group_id":"8892da87-8bb2-401d-9255-c95ccc5cfa93","last_modified":"Date changed  qua, 01\/24\/2024 - 15:53"},{"id":"f3c7991c-9741-4790-9e68-e694e459fb90","revision_id":"","url":"https:\/\/dados.ufu.br\/sites\/default\/files\/professores_substitutos_da_ufu_-_2024.csv","description":"","format":"csv","state":"Active","revision_timestamp":"qua, 05\/07\/2025 - 15:55","name":"Professores Substitutos da UFU 2024","mimetype":"text\/csv","size":"16.65 KB","created":"qua, 05\/07\/2025 - 15:55","resource_group_id":"8892da87-8bb2-401d-9255-c95ccc5cfa93","last_modified":"Date changed  qua, 05\/07\/2025 - 15:55"},{"id":"2bfd59ae-9104-430b-b6fb-bfe1ba3badb8","revision_id":"","url":"https:\/\/dados.ufu.br\/sites\/default\/files\/professores_substitutos_2025.csv","description":"","format":"csv","state":"Active","revision_timestamp":"ter, 04\/14\/2026 - 17:01","name":"Professores Substitutos da UFU 2025","mimetype":"text\/csv","size":"16.92 KB","created":"ter, 04\/14\/2026 - 17:01","resource_group_id":"8892da87-8bb2-401d-9255-c95ccc5cfa93","last_modified":"Date changed  ter, 04\/14\/2026 - 17:01"}],"groups":[{"description":"\u003Cp\u003EA Universidade Federal de Uberl\u00e2ndia \u2013 UFU \u00e9 uma Funda\u00e7\u00e3o P\u00fablica, integrante da Administra\u00e7\u00e3o Federal Indireta, vinculada ao Minist\u00e9rio da Educa\u00e7\u00e3o, sendo autorizada a funcionar pelo Decreto-lei n\u00ba 762, de 14 de agosto de 1969 e federalizada pela Lei n\u00ba 6.532, de 24 de maio de 1978. Sua organiza\u00e7\u00e3o e funcionamento s\u00e3o regidos pela Legisla\u00e7\u00e3o Federal, por seu Estatuto, Regimento Geral e por normas complementares.\u003C\/p\u003E\n","id":"8892da87-8bb2-401d-9255-c95ccc5cfa93","image_display_url":"https:\/\/dados.ufu.br\/sites\/default\/files\/logo_ufu.png","title":"UFU","name":"organizacao\/ufu"}]}]}

Dados Abertos - Universidade Federal de Uberlândia

<p>Base de dados que contém a identificação, titulação, regime de trabalho e lotação dos professores substitutos em exercício na Universidade Federal de Uberlândia.</p>

<p>A Universidade Federal de Uberlândia – UFU é uma Fundação Pública, integrante da Administração Federal Indireta, vinculada ao Ministério da Educação, sendo autorizada a funcionar pelo Decreto-lei nº 762, de 14 de agosto de 1969 e federalizada pela Lei nº 6.532, de 24 de maio de 1978. Sua organização e funcionamento são regidos pela Legislação Federal, por seu Estatuto, Regimento Geral e por normas complementares.</p>
