{"help":"Return the metadata of a dataset (package) and its resources. :param id: the id or name of the dataset :type id: string","success":true,"result":[{"id":"76c8c4a4-845e-4a77-9cb3-2d63d9a9b136","name":"diarias-e-passagens-ufu","title":"Di\u00e1rias e Passagens - UFU","maintainer":"Dados Abertos - Universidade Federal de Uberl\u00e2ndia","maintainer_email":"webmaster@cti.ufu.br","license_title":"http:\/\/opendefinition.org\/licenses\/odc-odbl\/","url":"https:\/\/dados.ufu.br\/conjunto-de-dados\/diarias-e-passagens-ufu","state":"Active","log_message":"Update to resource \u0027Di\u00e1rias e Passagens - 2\u00b0 Semestre\/2025\u0027","private":true,"revision_timestamp":"sex, 04\/24\/2026 - 12:31","metadata_created":"ter, 01\/17\/2023 - 10:48","metadata_modified":"sex, 04\/24\/2026 - 12:31","creator_user_id":"cfb1a0e1-829c-447d-aab4-67fed4754b56","type":"Dataset","resources":[{"id":"87ff6564-68a7-4e76-a1e1-acf19695e56f","revision_id":"","url":"https:\/\/dados.ufu.br\/sites\/default\/files\/diarias_e_passagens_2022_1_semestre.csv","description":"","format":"csv","state":"Active","revision_timestamp":"sex, 05\/16\/2025 - 09:58","name":"Di\u00e1rias e Passagens - 1\u00b0 Semestre\/2022","mimetype":"text\/csv","size":"56.29 KB","created":"ter, 01\/17\/2023 - 10:49","resource_group_id":"8892da87-8bb2-401d-9255-c95ccc5cfa93","last_modified":"Date changed  sex, 05\/16\/2025 - 09:58"},{"id":"4e9106b2-396b-46c5-8777-c8f4fd18fcf9","revision_id":"","url":"https:\/\/dados.ufu.br\/sites\/default\/files\/diarias_e_passagens_2022_2_semestre.csv","description":"","format":"csv","state":"Active","revision_timestamp":"sex, 05\/16\/2025 - 09:58","name":"Di\u00e1rias e Passagens - 2\u00b0 Semestre\/2022","mimetype":"text\/csv","size":"143.86 KB","created":"seg, 02\/27\/2023 - 11:11","resource_group_id":"8892da87-8bb2-401d-9255-c95ccc5cfa93","last_modified":"Date changed  sex, 05\/16\/2025 - 09:58"},{"id":"971d9ba9-7ab2-4b31-b526-de99afc40814","revision_id":"","url":"https:\/\/dados.ufu.br\/sites\/default\/files\/diarias_e_passagens_2023_1_semestre.csv","description":"","format":"csv","state":"Active","revision_timestamp":"sex, 05\/16\/2025 - 09:58","name":"Di\u00e1rias e Passagens - 1\u00b0 Semestre\/2023","mimetype":"text\/csv","size":"103.26 KB","created":"sex, 08\/04\/2023 - 09:57","resource_group_id":"8892da87-8bb2-401d-9255-c95ccc5cfa93","last_modified":"Date changed  sex, 05\/16\/2025 - 09:58"},{"id":"d8a17ea9-3d9d-43e5-801a-9363392be3ef","revision_id":"","url":"https:\/\/dados.ufu.br\/sites\/default\/files\/diarias_e_passagens_segundo_semestre_2023.csv","description":"","format":"csv","state":"Active","revision_timestamp":"sex, 05\/16\/2025 - 09:58","name":"Di\u00e1rias e Passagens - 2\u00b0 Semestre\/2023","mimetype":"text\/csv","size":"170.83 KB","created":"qua, 01\/24\/2024 - 11:35","resource_group_id":"8892da87-8bb2-401d-9255-c95ccc5cfa93","last_modified":"Date changed  sex, 05\/16\/2025 - 09:58"},{"id":"36aefccb-3a11-4e28-a30e-a7bc4a1edd14","revision_id":"","url":"https:\/\/dados.ufu.br\/sites\/default\/files\/relatorio_scdp_1_semestre_2024.csv","description":"","format":"csv","state":"Active","revision_timestamp":"sex, 05\/16\/2025 - 09:59","name":"Di\u00e1rias e Passagens - 1\u00b0 Semestre\/2024","mimetype":"text\/csv","size":"53.25 KB","created":"qua, 10\/23\/2024 - 14:20","resource_group_id":"8892da87-8bb2-401d-9255-c95ccc5cfa93","last_modified":"Date changed  sex, 05\/16\/2025 - 09:59"},{"id":"d42c5995-581a-43ba-b123-4ebcf42a476a","revision_id":"","url":"https:\/\/dados.ufu.br\/sites\/default\/files\/relatorio_scdp_2_semestre_2024.csv","description":"","format":"csv","state":"Active","revision_timestamp":"sex, 05\/16\/2025 - 09:59","name":"Di\u00e1rias e Passagens - 2\u00b0 Semestre\/2024","mimetype":"text\/csv","size":"144.41 KB","created":"qua, 05\/07\/2025 - 16:49","resource_group_id":"8892da87-8bb2-401d-9255-c95ccc5cfa93","last_modified":"Date changed  sex, 05\/16\/2025 - 09:59"},{"id":"42fa23fd-8105-4429-93cb-93acf30d6de1","revision_id":"","url":"https:\/\/dados.ufu.br\/sites\/default\/files\/planilha_scdp_1_semestre_2025.csv","description":"\u003Cp\u003EOs dados foram extra\u00eddos considerando apenas as viagens realizadas, ou seja, n\u00e3o constam na planilha as viagens canceladas ou em planejamento. A planilha foi extra\u00edda do Painel de Viagens do Governo Federal (\u003Ca href=\u0022https:\/\/paineldeviagens.economia.gov.br\/\u0022\u003Ehttps:\/\/paineldeviagens.economia.gov.br\/\u003C\/a\u003E) que tem dispon\u00edvel a consulta p\u00fablica de todos esses dados.\u003C\/p\u003E\n","format":"csv","state":"Active","revision_timestamp":"ter, 11\/11\/2025 - 12:10","name":"Di\u00e1rias e Passagens - 1\u00b0 Semestre\/2025","mimetype":"text\/csv","size":"73.92 KB","created":"ter, 11\/11\/2025 - 12:07","resource_group_id":"8892da87-8bb2-401d-9255-c95ccc5cfa93","last_modified":"Date changed  ter, 11\/11\/2025 - 12:10"},{"id":"c25b05c9-aab7-4a06-8271-8e970dff6706","revision_id":"","url":"https:\/\/dados.ufu.br\/sites\/default\/files\/planilh_scdp_2_semestre_2026.csv","description":"\u003Cp class=\u0022Texto_Justificado\u0022 data-c=\u00228\u0022\u003EA   Divis\u00e3o de Concess\u00e3o de Di\u00e1rias e Passagens\u00a0( DCDP\/DIROR\/PROPLAD\/UFU)\u00a0informa que os dados foram extra\u00eddos considerando apenas as viagens realizadas, ou seja, n\u00e3o constam na planilha as viagens canceladas ou em planejamento. A planilha foi extra\u00edda do\u00a0\u003Ca href=\u0022http:\/\/paineldeviagens.economia.gov.br\/\u0022 rel=\u0022noopener noreferrer\u0022 target=\u0022_blank\u0022\u003EPainel de Viagens do Governo Federal\u003C\/a\u003E\u00a0(Dispon\u00edvel: \u003Ca href=\u0022https:\/\/paineldeviagens.economia.gov.br\/\u0022\u003Ehttps:\/\/paineldeviagens.economia.gov.br\/\u003C\/a\u003E)\u00a0que tem dispon\u00edvel a consulta p\u00fablica de todos esses dados.\u003C\/p\u003E\n\u003Cp class=\u0022Texto_Justificado\u0022 data-c=\u00228\u0022\u003EA data de extra\u00e7\u00e3o do relat\u00f3rio \u00e9 4 de mar\u00e7o de 2026, e consta a informa\u00e7\u00e3o no s\u00edtio eletr\u00f4nico de que a \u00faltima atualiza\u00e7\u00e3o foi em 30\/10\/2025.\u003C\/p\u003E\n","format":"csv","state":"Active","revision_timestamp":"sex, 04\/24\/2026 - 12:00","name":"Di\u00e1rias e Passagens - 2\u00b0 Semestre\/2025","mimetype":"text\/csv","size":"66.66 KB","created":"sex, 04\/24\/2026 - 11:57","resource_group_id":"8892da87-8bb2-401d-9255-c95ccc5cfa93","last_modified":"Date changed  sex, 04\/24\/2026 - 12:00"}],"groups":[{"description":"\u003Cp\u003EA Universidade Federal de Uberl\u00e2ndia \u2013 UFU \u00e9 uma Funda\u00e7\u00e3o P\u00fablica, integrante da Administra\u00e7\u00e3o Federal Indireta, vinculada ao Minist\u00e9rio da Educa\u00e7\u00e3o, sendo autorizada a funcionar pelo Decreto-lei n\u00ba 762, de 14 de agosto de 1969 e federalizada pela Lei n\u00ba 6.532, de 24 de maio de 1978. Sua organiza\u00e7\u00e3o e funcionamento s\u00e3o regidos pela Legisla\u00e7\u00e3o Federal, por seu Estatuto, Regimento Geral e por normas complementares.\u003C\/p\u003E\n","id":"8892da87-8bb2-401d-9255-c95ccc5cfa93","image_display_url":"https:\/\/dados.ufu.br\/sites\/default\/files\/logo_ufu.png","title":"UFU","name":"organizacao\/ufu"}]}]}

Diárias e Passagens - UFU

Dados Abertos - Universidade Federal de Uberlândia

Update to resource 'Diárias e Passagens - 2° Semestre/2025'

Diárias e Passagens - 1° Semestre/2022

Diárias e Passagens - 2° Semestre/2022

Diárias e Passagens - 1° Semestre/2023

Diárias e Passagens - 2° Semestre/2023

Diárias e Passagens - 1° Semestre/2024

Diárias e Passagens - 2° Semestre/2024

<p>Os dados foram extraídos considerando apenas as viagens realizadas, ou seja, não constam na planilha as viagens canceladas ou em planejamento. A planilha foi extraída do Painel de Viagens do Governo Federal (<a href="https://paineldeviagens.economia.gov.br/">https://paineldeviagens.economia.gov.br/</a>) que tem disponível a consulta pública de todos esses dados.</p>

Diárias e Passagens - 1° Semestre/2025

<p class="Texto_Justificado" data-c="8">A   Divisão de Concessão de Diárias e Passagens ( DCDP/DIROR/PROPLAD/UFU) informa que os dados foram extraídos considerando apenas as viagens realizadas, ou seja, não constam na planilha as viagens canceladas ou em planejamento. A planilha foi extraída do <a href="http://paineldeviagens.economia.gov.br/" rel="noopener noreferrer" target="_blank">Painel de Viagens do Governo Federal</a> (Disponível: <a href="https://paineldeviagens.economia.gov.br/">https://paineldeviagens.economia.gov.br/</a>) que tem disponível a consulta pública de todos esses dados.</p>
<p class="Texto_Justificado" data-c="8">A data de extração do relatório é 4 de março de 2026, e consta a informação no sítio eletrônico de que a última atualização foi em 30/10/2025.</p>

Diárias e Passagens - 2° Semestre/2025

<p>A Universidade Federal de Uberlândia – UFU é uma Fundação Pública, integrante da Administração Federal Indireta, vinculada ao Ministério da Educação, sendo autorizada a funcionar pelo Decreto-lei nº 762, de 14 de agosto de 1969 e federalizada pela Lei nº 6.532, de 24 de maio de 1978. Sua organização e funcionamento são regidos pela Legislação Federal, por seu Estatuto, Regimento Geral e por normas complementares.</p>
