{"help":"Return the metadata of a dataset (package) and its resources. :param id: the id or name of the dataset :type id: string","success":true,"result":[{"id":"e71677da-1de1-42fc-a0b2-86d98241e4b7","name":"bolsistas-proexc-ufu","title":"Bolsistas PROEXC - UFU","maintainer":"Dados Abertos - Universidade Federal de Uberl\u00e2ndia","maintainer_email":"webmaster@cti.ufu.br","license_title":"http:\/\/opendefinition.org\/licenses\/odc-odbl\/","notes":"\u003Cp\u003EBase de dados ligada ao SIEX com dados dos bolsistas de extens\u00e3o e cultura da UFU.\u003C\/p\u003E\n","url":"https:\/\/dados.ufu.br\/conjunto-de-dados\/bolsistas-proexc-ufu","state":"Active","log_message":"Update to resource \u0027Bolsistas PROEXC 2\u00b0 Semestre\/2025\u0027","private":true,"revision_timestamp":"ter, 04\/07\/2026 - 14:32","metadata_created":"qui, 02\/23\/2023 - 16:31","metadata_modified":"ter, 04\/07\/2026 - 14:32","creator_user_id":"cfb1a0e1-829c-447d-aab4-67fed4754b56","type":"Dataset","resources":[{"id":"1e7e1937-4f63-4117-9459-6f5d582b461e","revision_id":"","url":"https:\/\/dados.ufu.br\/sites\/default\/files\/bolsistas_de_extensao_e_cultura_proexc_jan._a_junho_2022.csv","description":"","format":"csv","state":"Active","revision_timestamp":"seg, 12\/01\/2025 - 14:17","name":"Bolsistas PROEXC Janeiro a Junho\/2022","mimetype":"text\/csv","size":"23.21 KB","created":"qui, 02\/23\/2023 - 16:32","resource_group_id":"8892da87-8bb2-401d-9255-c95ccc5cfa93","last_modified":"Date changed  seg, 12\/01\/2025 - 14:17"},{"id":"a01275db-01cf-4956-be9f-3e22e1e2eb24","revision_id":"","url":"https:\/\/dados.ufu.br\/sites\/default\/files\/bolsistas_de_extensao_e_cultura_proexc_ano_2022.csv","description":"","format":"csv","state":"Active","revision_timestamp":"seg, 12\/01\/2025 - 14:17","name":"Bolsistas PROEXC Janeiro a Dezembro\/2022","mimetype":"text\/csv","size":"40.18 KB","created":"qui, 03\/02\/2023 - 08:44","resource_group_id":"8892da87-8bb2-401d-9255-c95ccc5cfa93","last_modified":"Date changed  seg, 12\/01\/2025 - 14:17"},{"id":"882fc263-f4ac-4385-aec3-0869286ac69e","revision_id":"","url":"https:\/\/dados.ufu.br\/sites\/default\/files\/bolsistas_proexc_2023.csv","description":"","format":"csv","state":"Active","revision_timestamp":"seg, 12\/01\/2025 - 14:17","name":"Bolsistas PROEXC Janeiro a Dezembro\/2023","mimetype":"text\/csv","size":"48.07 KB","created":"qui, 02\/08\/2024 - 10:42","resource_group_id":"8892da87-8bb2-401d-9255-c95ccc5cfa93","last_modified":"Date changed  seg, 12\/01\/2025 - 14:17"},{"id":"179d7b93-2486-4900-8a2f-c228fa2a2b14","revision_id":"","url":"https:\/\/dados.ufu.br\/sites\/default\/files\/censo_primeiro_semestre_2024_dados_de_bolsistas_de_extensao.csv","description":"","format":"csv","state":"Active","revision_timestamp":"qua, 10\/23\/2024 - 15:57","name":"Bolsistas PROEXC 1\u00b0 Semestre\/2024","mimetype":"text\/csv","size":"28.98 KB","created":"qua, 10\/23\/2024 - 15:57","resource_group_id":"8892da87-8bb2-401d-9255-c95ccc5cfa93","last_modified":"Date changed  qua, 10\/23\/2024 - 15:57"},{"id":"3e3e53e9-3caf-4716-ba17-5edf2ae5175c","revision_id":"","url":"https:\/\/dados.ufu.br\/sites\/default\/files\/censo_segundo_semestre_2024_dados_de_bolsistas_de_extensao.csv","description":"","format":"csv","state":"Active","revision_timestamp":"qua, 05\/07\/2025 - 15:34","name":"Bolsistas PROEXC 2\u00b0 Semestre\/2024","mimetype":"text\/csv","size":"139.55 KB","created":"qua, 05\/07\/2025 - 15:32","resource_group_id":"8892da87-8bb2-401d-9255-c95ccc5cfa93","last_modified":"Date changed  qua, 05\/07\/2025 - 15:34"},{"id":"ba6ddc36-447f-438c-b3ae-16cd097a93c2","revision_id":"","url":"https:\/\/dados.ufu.br\/sites\/default\/files\/bolsistas_1_semestre.csv","description":"","format":"csv","state":"Active","revision_timestamp":"seg, 12\/01\/2025 - 14:05","name":"Bolsistas PROEXC 1\u00b0 Semestre\/2025","mimetype":"text\/csv","size":"35.02 KB","created":"seg, 12\/01\/2025 - 14:05","resource_group_id":"8892da87-8bb2-401d-9255-c95ccc5cfa93","last_modified":"Date changed  seg, 12\/01\/2025 - 14:05"},{"id":"c1074b76-c6ad-481e-8226-36b8628a2033","revision_id":"","url":"https:\/\/dados.ufu.br\/sites\/default\/files\/bolsistas_proexc_-_2_semestre_de_2025.csv","description":"","format":"csv","state":"Active","revision_timestamp":"ter, 04\/07\/2026 - 14:17","name":"Bolsistas PROEXC 2\u00b0 Semestre\/2025","mimetype":"text\/csv","size":"17.08 KB","created":"ter, 04\/07\/2026 - 14:17","resource_group_id":"8892da87-8bb2-401d-9255-c95ccc5cfa93","last_modified":"Date changed  ter, 04\/07\/2026 - 14:17"}],"groups":[{"description":"\u003Cp\u003EA Universidade Federal de Uberl\u00e2ndia \u2013 UFU \u00e9 uma Funda\u00e7\u00e3o P\u00fablica, integrante da Administra\u00e7\u00e3o Federal Indireta, vinculada ao Minist\u00e9rio da Educa\u00e7\u00e3o, sendo autorizada a funcionar pelo Decreto-lei n\u00ba 762, de 14 de agosto de 1969 e federalizada pela Lei n\u00ba 6.532, de 24 de maio de 1978. Sua organiza\u00e7\u00e3o e funcionamento s\u00e3o regidos pela Legisla\u00e7\u00e3o Federal, por seu Estatuto, Regimento Geral e por normas complementares.\u003C\/p\u003E\n","id":"8892da87-8bb2-401d-9255-c95ccc5cfa93","image_display_url":"https:\/\/dados.ufu.br\/sites\/default\/files\/logo_ufu.png","title":"UFU","name":"organizacao\/ufu"}]}]}

Dados Abertos - Universidade Federal de Uberlândia

<p>Base de dados ligada ao SIEX com dados dos bolsistas de extensão e cultura da UFU.</p>

<p>A Universidade Federal de Uberlândia – UFU é uma Fundação Pública, integrante da Administração Federal Indireta, vinculada ao Ministério da Educação, sendo autorizada a funcionar pelo Decreto-lei nº 762, de 14 de agosto de 1969 e federalizada pela Lei nº 6.532, de 24 de maio de 1978. Sua organização e funcionamento são regidos pela Legislação Federal, por seu Estatuto, Regimento Geral e por normas complementares.</p>
